{"id":43,"date":"2022-11-16T10:44:43","date_gmt":"2022-11-16T10:44:43","guid":{"rendered":"http:\/\/vps380072.ovh.net\/?page_id=43"},"modified":"2022-11-16T12:31:40","modified_gmt":"2022-11-16T12:31:40","slug":"mon-parcours","status":"publish","type":"page","link":"http:\/\/bousquet.expert\/index.php\/mon-parcours\/","title":{"rendered":"MON PARCOURS"},"content":{"rendered":"<div id=\"comp-ioig2sjp\" class=\"txtNew\" data-reactid=\".0.$SITE_ROOT.$desktop_siteRoot.$PAGES_CONTAINER.$centeredContent.$inlineContent.$SITE_PAGES.$oht8z_DESKTOP.$inlineContent.$comp-ioig2sjp\">\n<table class=\"alignright\" style=\"height: 243px; width: 42.463%; border-collapse: collapse; background-color: #a19f9f; border-color: #a19f9f; border-style: solid;\" cellspacing=\"1\" cellpadding=\"1\" border=\"1\">\n<tbody>\n<tr style=\"height: 24px;\">\n<td style=\"width: 11.8619%; height: 24px;\"><img decoding=\"async\" loading=\"lazy\" class=\"wp-image-309 alignleft\" src=\"http:\/\/bousquet.expert\/wp-content\/uploads\/2018\/09\/PARCOURS-cv-coche.png\" alt=\"PARCOURS-cv-coche\" width=\"29\" height=\"29\" srcset=\"http:\/\/bousquet.expert\/wp-content\/uploads\/2018\/09\/PARCOURS-cv-coche.png 201w, http:\/\/bousquet.expert\/wp-content\/uploads\/2018\/09\/PARCOURS-cv-coche-150x150.png 150w\" sizes=\"(max-width: 29px) 100vw, 29px\" \/><\/td>\n<td style=\"width: 78.5571%; height: 24px;\">Expert b\u00e2timent<\/td>\n<\/tr>\n<tr style=\"height: 48px;\">\n<td style=\"width: 11.8619%; height: 48px;\"><img decoding=\"async\" loading=\"lazy\" class=\"wp-image-309 alignleft\" src=\"http:\/\/bousquet.expert\/wp-content\/uploads\/2018\/09\/PARCOURS-cv-coche.png\" alt=\"PARCOURS-cv-coche\" width=\"29\" height=\"29\" srcset=\"http:\/\/bousquet.expert\/wp-content\/uploads\/2018\/09\/PARCOURS-cv-coche.png 201w, http:\/\/bousquet.expert\/wp-content\/uploads\/2018\/09\/PARCOURS-cv-coche-150x150.png 150w\" sizes=\"(max-width: 29px) 100vw, 29px\" \/><\/td>\n<td style=\"width: 78.5571%; height: 48px;\">Ing\u00e9nieur IPF : Maintenance &#8211; S\u00e9curit\u00e9 Incendie &#8211; G\u00e9nie civil<\/td>\n<\/tr>\n<tr style=\"height: 192px;\">\n<td style=\"width: 11.8619%; height: 99px;\"><img decoding=\"async\" loading=\"lazy\" class=\"wp-image-309 alignleft\" src=\"http:\/\/bousquet.expert\/wp-content\/uploads\/2018\/09\/PARCOURS-cv-coche.png\" alt=\"PARCOURS-cv-coche\" width=\"29\" height=\"29\" srcset=\"http:\/\/bousquet.expert\/wp-content\/uploads\/2018\/09\/PARCOURS-cv-coche.png 201w, http:\/\/bousquet.expert\/wp-content\/uploads\/2018\/09\/PARCOURS-cv-coche-150x150.png 150w\" sizes=\"(max-width: 29px) 100vw, 29px\" \/><\/td>\n<td style=\"width: 78.5571%; height: 99px;\">40 ans d&rsquo;exp\u00e9rience en b\u00e2timent tous corps d&rsquo;\u00e9tat&nbsp;<\/p>\n<p>(conduite d&rsquo;op\u00e9ration, ma\u00eetrise d&rsquo;ouvrage, maintenance immobili\u00e8re, gestion des \u00e9nergies, s\u00e9curit\u00e9 incendie).<\/td>\n<\/tr>\n<tr style=\"height: 24px;\">\n<td style=\"width: 11.8619%; height: 24px;\"><img decoding=\"async\" loading=\"lazy\" class=\"wp-image-309 alignleft\" src=\"http:\/\/bousquet.expert\/wp-content\/uploads\/2018\/09\/PARCOURS-cv-coche.png\" alt=\"PARCOURS-cv-coche\" width=\"29\" height=\"29\" srcset=\"http:\/\/bousquet.expert\/wp-content\/uploads\/2018\/09\/PARCOURS-cv-coche.png 201w, http:\/\/bousquet.expert\/wp-content\/uploads\/2018\/09\/PARCOURS-cv-coche-150x150.png 150w\" sizes=\"(max-width: 29px) 100vw, 29px\" \/><\/td>\n<td style=\"width: 78.5571%; height: 24px;\">Dipl\u00f4me ERP III &#8211; IGH III<\/td>\n<\/tr>\n<tr style=\"height: 24px;\">\n<td style=\"width: 11.8619%; height: 24px;\"><img decoding=\"async\" loading=\"lazy\" class=\"wp-image-309 alignleft\" src=\"http:\/\/bousquet.expert\/wp-content\/uploads\/2018\/09\/PARCOURS-cv-coche.png\" alt=\"PARCOURS-cv-coche\" width=\"29\" height=\"29\" srcset=\"http:\/\/bousquet.expert\/wp-content\/uploads\/2018\/09\/PARCOURS-cv-coche.png 201w, http:\/\/bousquet.expert\/wp-content\/uploads\/2018\/09\/PARCOURS-cv-coche-150x150.png 150w\" sizes=\"(max-width: 29px) 100vw, 29px\" \/><\/td>\n<td style=\"width: 78.5571%; height: 24px;\">Jury professionnel<\/td>\n<\/tr>\n<tr style=\"height: 24px;\">\n<td style=\"width: 11.8619%; height: 24px;\"><img decoding=\"async\" loading=\"lazy\" class=\"wp-image-309 alignleft\" src=\"http:\/\/bousquet.expert\/wp-content\/uploads\/2018\/09\/PARCOURS-cv-coche.png\" alt=\"PARCOURS-cv-coche\" width=\"29\" height=\"29\" srcset=\"http:\/\/bousquet.expert\/wp-content\/uploads\/2018\/09\/PARCOURS-cv-coche.png 201w, http:\/\/bousquet.expert\/wp-content\/uploads\/2018\/09\/PARCOURS-cv-coche-150x150.png 150w\" sizes=\"(max-width: 29px) 100vw, 29px\" \/><\/td>\n<td style=\"width: 78.5571%; height: 24px;\">Membre de Qualibat<\/td>\n<\/tr>\n<\/tbody>\n<\/table>\n<div id=\"attachment_312\" style=\"width: 229px\" class=\"wp-caption alignleft\"><img aria-describedby=\"caption-attachment-312\" decoding=\"async\" loading=\"lazy\" class=\" wp-image-312\" src=\"http:\/\/bousquet.expert\/wp-content\/uploads\/2018\/09\/PARCOURS-portrait-300x297.png\" alt=\"PARCOURS-portrait Olivier BOUSQUET\" width=\"219\" height=\"217\" srcset=\"http:\/\/bousquet.expert\/wp-content\/uploads\/2018\/09\/PARCOURS-portrait-300x297.png 300w, http:\/\/bousquet.expert\/wp-content\/uploads\/2018\/09\/PARCOURS-portrait-150x150.png 150w, http:\/\/bousquet.expert\/wp-content\/uploads\/2018\/09\/PARCOURS-portrait-768x760.png 768w, http:\/\/bousquet.expert\/wp-content\/uploads\/2018\/09\/PARCOURS-portrait-1024x1013.png 1024w, http:\/\/bousquet.expert\/wp-content\/uploads\/2018\/09\/PARCOURS-portrait.png 1142w\" sizes=\"(max-width: 219px) 100vw, 219px\" \/><p id=\"caption-attachment-312\" class=\"wp-caption-text\">Olivier BOUSQUET, EXPERT B\u00c2TIMENT<\/p><\/div>\n<p>&nbsp;<\/p>\n<p>&nbsp;<\/p>\n<p>&nbsp;<\/p>\n<p>&nbsp;<\/p>\n<p>&nbsp;<\/p>\n<p>&nbsp;<\/p>\n<p>&nbsp;<\/p>\n<p>&nbsp;<\/p>\n<p>&nbsp;<\/p>\n<p>&nbsp;<\/p>\n<p>&nbsp;<\/p>\n<p>&nbsp;<\/p>\n<p>J\u2019ai r\u00e9alis\u00e9 plus de nombreuses op\u00e9rations tous corps d\u2019\u00e9tat en constructions ou r\u00e9novations d\u2019\u00e9tablissements recevant du public, de b\u00e2timents d\u2019habitation ou de b\u00e2timents tertiaires.<br \/>\nJe g\u00e8re un parc immobilier de plus de 150.000m2 de planchers habit\u00e9s sur tous les aspects de la maintenance, des fluides, de l\u2019\u00e9nergie et de la s\u00e9curit\u00e9\u0301 incendie.<\/p>\n<p>L\u2019acte de construire est mon c\u0153ur de m\u00e9tier.<\/p>\n<\/div>\n","protected":false},"excerpt":{"rendered":"<div class=\"slide-text-bg2\"><span>Expert b\u00e2timent Ing\u00e9nieur IPF : Maintenance &#8211; S\u00e9curit\u00e9 Incendie &#8211; G\u00e9nie civil 40 ans d&rsquo;exp\u00e9rience en b\u00e2timent tous corps d&rsquo;?<\/span><\/div>\n<div class=\"slide-btn-area-sm\"><a href=\"http:\/\/bousquet.expert\/index.php\/mon-parcours\/\" class=\"slide-btn-sm\">Lire la suite<\/a><\/div>\n","protected":false},"author":1,"featured_media":0,"parent":0,"menu_order":0,"comment_status":"closed","ping_status":"closed","template":"","meta":{"_mi_skip_tracking":false,"ngg_post_thumbnail":0,"spay_email":""},"yoast_head":"<!-- This site is optimized with the Yoast SEO plugin v18.4.1 - https:\/\/yoast.com\/wordpress\/plugins\/seo\/ -->\n<title>MON PARCOURS &raquo; BOUSQUET EXPERTISE BATIMENT<\/title>\n<meta name=\"robots\" content=\"index, follow, max-snippet:-1, max-image-preview:large, max-video-preview:-1\" \/>\n<link rel=\"canonical\" href=\"http:\/\/bousquet.expert\/index.php\/mon-parcours\/\" \/>\n<meta property=\"og:locale\" content=\"fr_FR\" \/>\n<meta property=\"og:type\" content=\"article\" \/>\n<meta property=\"og:title\" content=\"MON PARCOURS &raquo; BOUSQUET EXPERTISE BATIMENT\" \/>\n<meta property=\"og:description\" content=\"\" \/>\n<meta property=\"og:url\" content=\"http:\/\/bousquet.expert\/index.php\/mon-parcours\/\" \/>\n<meta property=\"og:site_name\" content=\"BOUSQUET EXPERTISE BATIMENT\" \/>\n<meta property=\"article:publisher\" content=\"https:\/\/www.facebook.com\/BousquetExpertiseBergerac\/\" \/>\n<meta property=\"article:modified_time\" content=\"2022-11-16T12:31:40+00:00\" \/>\n<meta property=\"og:image\" content=\"http:\/\/bousquet.expert\/wp-content\/uploads\/2018\/09\/PARCOURS-cv-coche.png\" \/>\n<meta name=\"twitter:card\" content=\"summary_large_image\" \/>\n<meta name=\"twitter:label1\" content=\"Dur\u00e9e de lecture estim\u00e9e\" \/>\n\t<meta name=\"twitter:data1\" content=\"2 minutes\" \/>\n<script type=\"application\/ld+json\" class=\"yoast-schema-graph\">{\"@context\":\"https:\/\/schema.org\",\"@graph\":[{\"@type\":\"Organization\",\"@id\":\"http:\/\/bousquet.expert\/#organization\",\"name\":\"BOUSQUET EXPERTISE\",\"url\":\"http:\/\/bousquet.expert\/\",\"sameAs\":[\"https:\/\/www.facebook.com\/BousquetExpertiseBergerac\/\",\"https:\/\/www.linkedin.com\/in\/bousquet-expertise-bousquet-826375124\/\"],\"logo\":{\"@type\":\"ImageObject\",\"@id\":\"http:\/\/bousquet.expert\/#logo\",\"inLanguage\":\"fr-FR\",\"url\":\"http:\/\/bousquet.expert\/wp-content\/uploads\/2017\/07\/cropped-70e76d_cf9e7961eb854c03abfdac575d75ff99-mv2-1.png\",\"contentUrl\":\"http:\/\/bousquet.expert\/wp-content\/uploads\/2017\/07\/cropped-70e76d_cf9e7961eb854c03abfdac575d75ff99-mv2-1.png\",\"width\":240,\"height\":308,\"caption\":\"BOUSQUET EXPERTISE\"},\"image\":{\"@id\":\"http:\/\/bousquet.expert\/#logo\"}},{\"@type\":\"WebSite\",\"@id\":\"http:\/\/bousquet.expert\/#website\",\"url\":\"http:\/\/bousquet.expert\/\",\"name\":\"BOUSQUET EXPERTISE B\u00e2timent\",\"description\":\"Ing\u00e9nieur g\u00e9nie-civil, maintenance, s\u00e9curit\u00e9 incendie. Expert technique b\u00e2timent Dordogne - Bergerac - Bordeaux - Gironde - Lot Et Garonne - Corr\u00e8ze - Lot - Pau - Nouvelle Aquitiane\",\"publisher\":{\"@id\":\"http:\/\/bousquet.expert\/#organization\"},\"potentialAction\":[{\"@type\":\"SearchAction\",\"target\":{\"@type\":\"EntryPoint\",\"urlTemplate\":\"http:\/\/bousquet.expert\/?s={search_term_string}\"},\"query-input\":\"required name=search_term_string\"}],\"inLanguage\":\"fr-FR\"},{\"@type\":\"ImageObject\",\"@id\":\"http:\/\/bousquet.expert\/index.php\/mon-parcours\/#primaryimage\",\"inLanguage\":\"fr-FR\",\"url\":\"http:\/\/bousquet.expert\/wp-content\/uploads\/2018\/09\/PARCOURS-cv-coche.png\",\"contentUrl\":\"http:\/\/bousquet.expert\/wp-content\/uploads\/2018\/09\/PARCOURS-cv-coche.png\",\"width\":201,\"height\":201,\"caption\":\"PARCOURS-cv-coche\"},{\"@type\":\"WebPage\",\"@id\":\"http:\/\/bousquet.expert\/index.php\/mon-parcours\/#webpage\",\"url\":\"http:\/\/bousquet.expert\/index.php\/mon-parcours\/\",\"name\":\"MON PARCOURS &raquo; BOUSQUET EXPERTISE BATIMENT\",\"isPartOf\":{\"@id\":\"http:\/\/bousquet.expert\/#website\"},\"primaryImageOfPage\":{\"@id\":\"http:\/\/bousquet.expert\/index.php\/mon-parcours\/#primaryimage\"},\"datePublished\":\"2022-11-16T10:44:43+00:00\",\"dateModified\":\"2022-11-16T12:31:40+00:00\",\"breadcrumb\":{\"@id\":\"http:\/\/bousquet.expert\/index.php\/mon-parcours\/#breadcrumb\"},\"inLanguage\":\"fr-FR\",\"potentialAction\":[{\"@type\":\"ReadAction\",\"target\":[\"http:\/\/bousquet.expert\/index.php\/mon-parcours\/\"]}]},{\"@type\":\"BreadcrumbList\",\"@id\":\"http:\/\/bousquet.expert\/index.php\/mon-parcours\/#breadcrumb\",\"itemListElement\":[{\"@type\":\"ListItem\",\"position\":1,\"name\":\"Accueil\",\"item\":\"http:\/\/bousquet.expert\/\"},{\"@type\":\"ListItem\",\"position\":2,\"name\":\"MON PARCOURS\"}]}]}<\/script>\n<!-- \/ Yoast SEO plugin. -->","yoast_head_json":{"title":"MON PARCOURS &raquo; BOUSQUET EXPERTISE BATIMENT","robots":{"index":"index","follow":"follow","max-snippet":"max-snippet:-1","max-image-preview":"max-image-preview:large","max-video-preview":"max-video-preview:-1"},"canonical":"http:\/\/bousquet.expert\/index.php\/mon-parcours\/","og_locale":"fr_FR","og_type":"article","og_title":"MON PARCOURS &raquo; BOUSQUET EXPERTISE BATIMENT","og_description":"Expert b\u00e2timent Ing\u00e9nieur IPF : Maintenance &#8211; S\u00e9curit\u00e9 Incendie &#8211; G\u00e9nie civil 40 ans d&rsquo;exp\u00e9rience en b\u00e2timent tous corps d&rsquo;?Lire la suite","og_url":"http:\/\/bousquet.expert\/index.php\/mon-parcours\/","og_site_name":"BOUSQUET EXPERTISE BATIMENT","article_publisher":"https:\/\/www.facebook.com\/BousquetExpertiseBergerac\/","article_modified_time":"2022-11-16T12:31:40+00:00","og_image":[{"url":"http:\/\/bousquet.expert\/wp-content\/uploads\/2018\/09\/PARCOURS-cv-coche.png"}],"twitter_card":"summary_large_image","twitter_misc":{"Dur\u00e9e de lecture estim\u00e9e":"2 minutes"},"schema":{"@context":"https:\/\/schema.org","@graph":[{"@type":"Organization","@id":"http:\/\/bousquet.expert\/#organization","name":"BOUSQUET EXPERTISE","url":"http:\/\/bousquet.expert\/","sameAs":["https:\/\/www.facebook.com\/BousquetExpertiseBergerac\/","https:\/\/www.linkedin.com\/in\/bousquet-expertise-bousquet-826375124\/"],"logo":{"@type":"ImageObject","@id":"http:\/\/bousquet.expert\/#logo","inLanguage":"fr-FR","url":"http:\/\/bousquet.expert\/wp-content\/uploads\/2017\/07\/cropped-70e76d_cf9e7961eb854c03abfdac575d75ff99-mv2-1.png","contentUrl":"http:\/\/bousquet.expert\/wp-content\/uploads\/2017\/07\/cropped-70e76d_cf9e7961eb854c03abfdac575d75ff99-mv2-1.png","width":240,"height":308,"caption":"BOUSQUET EXPERTISE"},"image":{"@id":"http:\/\/bousquet.expert\/#logo"}},{"@type":"WebSite","@id":"http:\/\/bousquet.expert\/#website","url":"http:\/\/bousquet.expert\/","name":"BOUSQUET EXPERTISE B\u00e2timent","description":"Ing\u00e9nieur g\u00e9nie-civil, maintenance, s\u00e9curit\u00e9 incendie. Expert technique b\u00e2timent Dordogne - Bergerac - Bordeaux - Gironde - Lot Et Garonne - Corr\u00e8ze - Lot - Pau - Nouvelle Aquitiane","publisher":{"@id":"http:\/\/bousquet.expert\/#organization"},"potentialAction":[{"@type":"SearchAction","target":{"@type":"EntryPoint","urlTemplate":"http:\/\/bousquet.expert\/?s={search_term_string}"},"query-input":"required name=search_term_string"}],"inLanguage":"fr-FR"},{"@type":"ImageObject","@id":"http:\/\/bousquet.expert\/index.php\/mon-parcours\/#primaryimage","inLanguage":"fr-FR","url":"http:\/\/bousquet.expert\/wp-content\/uploads\/2018\/09\/PARCOURS-cv-coche.png","contentUrl":"http:\/\/bousquet.expert\/wp-content\/uploads\/2018\/09\/PARCOURS-cv-coche.png","width":201,"height":201,"caption":"PARCOURS-cv-coche"},{"@type":"WebPage","@id":"http:\/\/bousquet.expert\/index.php\/mon-parcours\/#webpage","url":"http:\/\/bousquet.expert\/index.php\/mon-parcours\/","name":"MON PARCOURS &raquo; BOUSQUET EXPERTISE BATIMENT","isPartOf":{"@id":"http:\/\/bousquet.expert\/#website"},"primaryImageOfPage":{"@id":"http:\/\/bousquet.expert\/index.php\/mon-parcours\/#primaryimage"},"datePublished":"2022-11-16T10:44:43+00:00","dateModified":"2022-11-16T12:31:40+00:00","breadcrumb":{"@id":"http:\/\/bousquet.expert\/index.php\/mon-parcours\/#breadcrumb"},"inLanguage":"fr-FR","potentialAction":[{"@type":"ReadAction","target":["http:\/\/bousquet.expert\/index.php\/mon-parcours\/"]}]},{"@type":"BreadcrumbList","@id":"http:\/\/bousquet.expert\/index.php\/mon-parcours\/#breadcrumb","itemListElement":[{"@type":"ListItem","position":1,"name":"Accueil","item":"http:\/\/bousquet.expert\/"},{"@type":"ListItem","position":2,"name":"MON PARCOURS"}]}]}},"_links":{"self":[{"href":"http:\/\/bousquet.expert\/index.php\/wp-json\/wp\/v2\/pages\/43"}],"collection":[{"href":"http:\/\/bousquet.expert\/index.php\/wp-json\/wp\/v2\/pages"}],"about":[{"href":"http:\/\/bousquet.expert\/index.php\/wp-json\/wp\/v2\/types\/page"}],"author":[{"embeddable":true,"href":"http:\/\/bousquet.expert\/index.php\/wp-json\/wp\/v2\/users\/1"}],"replies":[{"embeddable":true,"href":"http:\/\/bousquet.expert\/index.php\/wp-json\/wp\/v2\/comments?post=43"}],"version-history":[{"count":19,"href":"http:\/\/bousquet.expert\/index.php\/wp-json\/wp\/v2\/pages\/43\/revisions"}],"predecessor-version":[{"id":447,"href":"http:\/\/bousquet.expert\/index.php\/wp-json\/wp\/v2\/pages\/43\/revisions\/447"}],"wp:attachment":[{"href":"http:\/\/bousquet.expert\/index.php\/wp-json\/wp\/v2\/media?parent=43"}],"curies":[{"name":"wp","href":"https:\/\/api.w.org\/{rel}","templated":true}]}}